{"id":4424,"date":"2018-08-21T12:41:13","date_gmt":"2018-08-21T10:41:13","guid":{"rendered":"http:\/\/www.tauss-gezwitscher.de\/?page_id=4424"},"modified":"2026-01-03T15:20:33","modified_gmt":"2026-01-03T14:20:33","slug":"herzlich-willkommen","status":"publish","type":"page","link":"https:\/\/www.tauss-gezwitscher.de\/","title":{"rendered":"Herzlich willkommen&#8230;."},"content":{"rendered":"<p>&#8230;. auf meiner privaten Seite. Sie freut sich mit mir \u00fcber und auf zahlreiche Besucherinnen und Besucher \u00a0\ud83d\ude09 <span style=\"font-size: 1rem;\">Wer mag kann sich hier \u00fcber meine Person und meine Meinungen zu verschiedenen Themen ein Bild machen. Au\u00dferdem kann man ja fragen&#8230;. \u00a0\ud83d\ude09 <\/span><strong style=\"font-size: 1rem;\">Russland\u00a0<\/strong><span style=\"font-size: 1rem;\">und die hierzulande grassierende Russophobie, Kriegstreiberei und Aufr\u00fcstung belasten mich derzeit wie viele Menschen.<\/span><span style=\"font-size: 1rem;\">. <\/span><\/p>\n<p><strong><span style=\"font-size: 1rem;\">Hoffen wir auf ein friedlicheres Jahr 2026 und alles Gute! J\u00f6rg Tauss\u00a0<\/span><\/strong><\/p>\n<p>&nbsp;<\/p>\n<div><span style=\"font-size: small;\">Im alten Jahr konnten wir juristisch eineen &#8222;Anschlag&#8220; auf meine Meinungsfreiheit abwende. <\/span><\/div>\n<div><span style=\"font-size: small;\">Pressemitteilung in eigener Sache, 31. 7. 25:<\/span><\/div>\n<div><span style=\"font-size: small;\">\u00a0<\/span><\/div>\n<div><strong><span style=\"font-size: small;\"><span style=\"font-family: Aptos, Arial, Helvetica, sans-serif;\">Freispruch f\u00fcr J\u00f6rg Tauss abschlie\u00dfend\u00a0rechtskr\u00e4ftig<\/span><\/span><\/strong><\/div>\n<div><span style=\"font-size: small;\">\u00a0<\/span><\/div>\n<div><span style=\"font-size: small;\"><span style=\"font-family: Helvetica Neue;\">2013 wurde gegen den Vorsitzenden der West- Ost- Gesellschaft in Baden- W\u00fcrttemberg (WOG) \u00a0J\u00f6rg Tauss, Kraichtal, ein Strafverfahren eingeleitet. Es ging um den folgenden Satz im November 2023 auf x- twitter zu Kommunalwahlen auf der Halbinsel Krim: \u201eSchon auf der\u00a0<\/span><b>russischen Krim<\/b><span style=\"font-family: Helvetica Neue;\">\u00a0lief das damals korrekt ab\u201c, postete Tauss in einer Antwort an einen &#8222;ber\u00fchmt &#8211; ber\u00fcchtigten Ukraine- Aktivisten nebst Verein \u201eVitsche\u201c in Berlin&#8220;. Vitsche agitierte auch schon gegen Firmen, das russische Haus oder die Berliner Oper wegen des Auftritts russischer K\u00fcnstlerinnen und K\u00fcnstler.\u00a0<\/span><\/span><\/div>\n<div><span style=\"font-size: small;\">\u00a0<\/span><\/div>\n<div><span style=\"font-size: small;\">In diesem Fall erfolgte eine\u00a0Strafanzeige durch einen, so Tauss, &#8222;blau- gelben Propagandaverein der Ukraine&#8220; und dessen Rechtsanwalt Dr. Patrick Heinemann aus Freiburg. Der Vorwurf lautete auf eine &#8222;rechtswidrige Tat&#8220;, namentlich &#8222;ein Verbrechen der Aggression&#8220; und eine \u201eStraftat&#8220; gebilligt zu haben (\u00a7 140 StGB- Belohnung und Billigung von Straftaten).\u00a0Pikant am Rande: \u00a0Dr. Heinemann\u00a0<span style=\"font-family: Helvetica Neue;\">mit seinem, so Tauss, &#8222;offensichtlich \u00a0gest\u00f6rten Verh\u00e4ltnis zum Grundgesetz Artikel 5 (Meinungsfreiheit) und Initiator der Anzeige von Vitsche gegen Tauss ist\u00a0nicht irgendwer, sondern geh\u00f6rt der Bundesanwaltskammer und deren Arbeitskreis Verfassungrecht an. Tauss: &#8222;Der Bock als G\u00e4rtner\u201c.<\/span><\/span><\/div>\n<div><span style=\"font-size: small;\">\u00a0<\/span><\/div>\n<div><span style=\"font-size: small;\"><span style=\"font-family: Helvetica Neue;\">Letztlich sollte diese simple Meinungs\u00e4u\u00dferung zu einer Geldstrafe von \u00fcber 6.000.\u2014 Euro f\u00fchren. Das Amtsgericht Bruchsal erkannte in dieser \u00c4u\u00dferung im April 2024 im Gegensatz zur Staatsanwaltschaft Karlsruhe und der Anzeigerstatter allerdings kein strafbares Handeln und urteilte im Namen des Volkes auf\u00a0<\/span><b>\u201eUnschuldig\u201c.\u00a0<\/b><\/span><\/div>\n<div><span style=\"font-size: small;\">\u00a0<\/span><\/div>\n<div><span style=\"font-size: small;\">Dagegen legte die Staatsanwaltschaft ebenfalls noch 2024 Berufung ein. Seither d\u00fcmpelte die Angelegenheit \u00fcber Monate in den Akten. Diese Berufung wurde jetzt, nach \u00fcber einem Jahr (sic!), zur\u00fcckgenommen. Damit wird das Landgericht in 2. Instanz nicht mehr bel\u00e4stigt. Die bisher angefallenen Kosten werden Tauss aus der Staatskasse zur\u00fcckerstattet.\u00a0<\/span><\/div>\n<div><span style=\"font-size: small;\">\u00a0<\/span><\/div>\n<div><span style=\"font-size: small;\">Tauss: &#8222;Das ist erfreulich. Es ist wichtig, den blaugelben Ukraine- Aktivisten\u00a0in deren Ziel das Handwerk zu legen, hierzulande die Meinungsfreiheit weiter einzuschr\u00e4nken. Die Krim ist historisch russisch gepr\u00e4gt. Es ist gut, dass die Formulierung &#8222;russische Krim&#8220; nicht strafbar ist. Einsch\u00fcchterungen via Justiz sind nicht nur in diesem Fall inakzeptabel. Der Vorgang zeigt aber, womit alle in diesem Konflikt rechnen m\u00fcssen, wenn man f\u00fcr V\u00f6lkerverst\u00e4ndigung eintritt.&#8220;<\/span><\/div>\n<div><\/div>\n<div><\/div>\n<div><strong>Hier pdf \u00a0<a href=\"https:\/\/www.tauss-gezwitscher.de\/wp-content\/uploads\/2024\/04\/Strafbefehl-Tauss-Krim-.pdf\">Strafbefehl Tauss Krim<\/a> zum bisherigen Gesamtvorgang mit Presse.\u00a0<\/strong><\/div>\n<div><\/div>\n<div><\/div>\n<div><a href=\"https:\/\/www.tauss-gezwitscher.de\/?page_id=7732\"><strong>Hierzu habe ich jetzt auch eine eigene Seite erstellt<\/strong><\/a><\/div>\n<p>&nbsp;<\/p>\n<p><strong><span style=\"font-size: 1rem;\">Doch hier wird es ganz <\/span>unjuristisch zum <span style=\"font-size: 1rem;\">erfreulichen privaten Teil \u00fcbergehen&#8230;.<\/span><\/strong><span style=\"font-size: 1rem;\"> Erneut war zuletzt im Februar 2024 zun\u00e4chst \u00a0mal Urlaub angesagt. Unver\u00e4ndert<\/span><span style=\"font-size: 1rem;\"> verreise ich sehr gerne, auch wenn die Beine nicht mehr richtig mitmachen. Weiter ging\u2019s nach <strong>Sansibar<\/strong> und Mittelamerika <\/span><strong style=\"font-size: 1rem;\">(Costa<\/strong><span style=\"font-size: 1rem;\">\u00a0<\/span><strong style=\"font-size: 1rem;\">Rica<\/strong><span style=\"font-size: 1rem;\">). Ein wirklich sch\u00f6nes und interessantes Land mit netten fr\u00f6hlichen Menschen. Wer Lust hat hat, findet hier auch meine jeweiligen Reisetageb\u00fccher, auch zur vor Corona noch m\u00f6glichen l\u00e4ngsten Reise nach \u00a0<\/span><strong style=\"font-size: 1rem;\">Bali\u00a0<\/strong><span style=\"font-size: 1rem;\">und weiter nach\u00a0<\/span><strong style=\"font-size: 1rem;\">Neuseeland. <\/strong><span style=\"font-size: 1rem;\">Im Februar 2023 war wie gesagt \u00a0<\/span><strong style=\"font-size: 1rem;\">Sansibar<\/strong><span style=\"font-size: 1rem;\"> angesagt. Jetzt wollte ich ein Jahr sp\u00e4ter wollte ich auch noch gerne nach <\/span><strong style=\"font-size: 1rem;\">Sri Lanka. <\/strong><span style=\"font-size: 1rem;\">Damit schlie\u00dft sich ein Kreis \u00a0verschiedener Inseln im <\/span><strong style=\"font-size: 1rem;\">Indischen Ozean<\/strong><span style=\"font-size: 1rem;\">, der bereits 1984 und auch journalistisch auf\u00a0<\/span><strong style=\"font-size: 1rem;\">Madagaskar\u00a0<\/strong><span style=\"font-size: 1rem;\">begann. Aber wie gesagt: Jetzt waren die Elefanten in Sri Lanka angesagt. Hier die Kurzfassung meines Berichts \u00fcber <\/span><a style=\"font-size: 1rem;\" href=\"https:\/\/www.tauss-gezwitscher.de\/?page_id=7595\"><strong>Tee, Kultur und Elefanten&#8230;<\/strong><\/a><\/p>\n<p><img loading=\"lazy\" decoding=\"async\" class=\"size-medium wp-image-7671 aligncenter\" src=\"https:\/\/www.tauss-gezwitscher.de\/wp-content\/uploads\/2024\/02\/IMG_8818-225x300.jpeg\" alt=\"\" width=\"225\" height=\"300\" srcset=\"https:\/\/www.tauss-gezwitscher.de\/wp-content\/uploads\/2024\/02\/IMG_8818-225x300.jpeg 225w, https:\/\/www.tauss-gezwitscher.de\/wp-content\/uploads\/2024\/02\/IMG_8818-768x1024.jpeg 768w, https:\/\/www.tauss-gezwitscher.de\/wp-content\/uploads\/2024\/02\/IMG_8818-1152x1536.jpeg 1152w, https:\/\/www.tauss-gezwitscher.de\/wp-content\/uploads\/2024\/02\/IMG_8818-1536x2048.jpeg 1536w, https:\/\/www.tauss-gezwitscher.de\/wp-content\/uploads\/2024\/02\/IMG_8818-624x832.jpeg 624w, https:\/\/www.tauss-gezwitscher.de\/wp-content\/uploads\/2024\/02\/IMG_8818-scaled.jpeg 1920w\" sizes=\"auto, (max-width: 225px) 100vw, 225px\" \/><\/p>\n<p>Gro\u00dfe Touren sind leider wegen der Beine etwas schwierig geworden. Aber wo es zu Fu\u00df schwierig wird gibt es in dieser Gegend ja diese h\u00fcbschen\u00a0<strong>TukTuks .\u00a0<\/strong><\/p>\n<p>Beine und TukTuks brauche ich weniger, um mich in Belarus und Russland trotz der aktuellen politischen Situation weiter f\u00fcr V\u00f6lkerfreundschaft zu engagieren. Ich kam zuletzt von einer Partnerkonferenz in <strong>Minsk<\/strong> zur\u00fcck und besuchte unsere \u00a0diversen medizinischen Projekte.<\/p>\n<p>Da es mit der Lauferei wie gesagt nicht mehr ganz so gut klappt und man eben \u00e4lter wird etc. beschaffte ich mir schon 2021 ein Pedelec mit Altherren- Tiefeinstieg. Radfahren geht besser als Gehen \u00a0\ud83d\ude09 Es macht vor allem angesichts unserer vielen H\u00fcgel hier (Kraichgau- Land der tausend H\u00fcgel) Spass!!! \ud83d\ude42<\/p>\n<p><a href=\"https:\/\/www.tauss-gezwitscher.de\/wp-content\/uploads\/2020\/07\/A8E110F3-B911-48AB-A097-D66D79CAEF8B-scaled.jpeg\"><img loading=\"lazy\" decoding=\"async\" class=\"aligncenter size-medium wp-image-6066\" src=\"https:\/\/www.tauss-gezwitscher.de\/wp-content\/uploads\/2020\/07\/A8E110F3-B911-48AB-A097-D66D79CAEF8B-300x225.jpeg\" alt=\"\" width=\"300\" height=\"225\" srcset=\"https:\/\/www.tauss-gezwitscher.de\/wp-content\/uploads\/2020\/07\/A8E110F3-B911-48AB-A097-D66D79CAEF8B-300x225.jpeg 300w, https:\/\/www.tauss-gezwitscher.de\/wp-content\/uploads\/2020\/07\/A8E110F3-B911-48AB-A097-D66D79CAEF8B-1024x768.jpeg 1024w, https:\/\/www.tauss-gezwitscher.de\/wp-content\/uploads\/2020\/07\/A8E110F3-B911-48AB-A097-D66D79CAEF8B-768x576.jpeg 768w, https:\/\/www.tauss-gezwitscher.de\/wp-content\/uploads\/2020\/07\/A8E110F3-B911-48AB-A097-D66D79CAEF8B-1536x1152.jpeg 1536w, https:\/\/www.tauss-gezwitscher.de\/wp-content\/uploads\/2020\/07\/A8E110F3-B911-48AB-A097-D66D79CAEF8B-2048x1536.jpeg 2048w, https:\/\/www.tauss-gezwitscher.de\/wp-content\/uploads\/2020\/07\/A8E110F3-B911-48AB-A097-D66D79CAEF8B-624x468.jpeg 624w\" sizes=\"auto, (max-width: 300px) 100vw, 300px\" \/><br \/>\n<\/a><\/p>\n<p>Aber auch im (Un-)Ruhestand arbeitete ich gerne weiter journalistisch. Fast zwei Jahre besch\u00e4ftigte \u00a0mich zuletzt mehr als erwartet der sogenannte <strong>Tiergartenmord<\/strong> in Berlin. Dar\u00fcber habe ich auch schon bei <a href=\"https:\/\/www.heise.de\/tp\/\"><strong>Telepolis<\/strong><\/a> berichtet. Zuletzt zum Urteil:<\/p>\n<p><a href=\"https:\/\/www.heise.de\/tp\/features\/Schuldspruch-nach-Berliner-Tiergartenmord-Justiz-und-Geopolitik-6295379.html?seite=all\">Schuldspruch im Tiergartenmord<\/a><\/p>\n<p>Und damals zum Prozessauftakt: <a href=\"https:\/\/www.heise.de\/tp\/features\/Tiergartenmord-Putins-Killer-war-s-War-er-s-4919809.html\">Putin war&#8217;s- war er&#8217;s ?\u00a0<\/a><\/p>\n<p><a href=\"https:\/\/www.heise.de\/tp\/features\/Tiergartenmord-Bellingcat-und-Handel-mit-Kaese-und-Honig-4926931.html\">Tiergartenmord: Bellingcat und Handel mit K\u00e4se<\/a><\/p>\n<p>Unter den Beitr\u00e4gen gibt es daher auch weitere Links zu Artikeln, die im Rahmen meiner journalistischen Arbeit, beispielsweise bei <a href=\"https:\/\/www.heise.de\/tp\/\">Telepolis<\/a>\u00a0, ver\u00f6ffentlicht \u00a0wurden.<\/p>\n<p>Besonders will ich auf meinen Beitrag zu faschistoiden Umtrieben in der Ukraine hinweisen, die auch noch mit deutschen Steuermitteln gef\u00f6rdert werden: <a href=\"https:\/\/www.heise.de\/tp\/features\/Lviv-ehrt-Nazikollaborateur-und-Kriegsverbrecher-4319933.html\">Lviv ehrt Kriegsverbrecher&#8230;.\u00a0<\/a><\/p>\n<p>Auch der Deutsche Bundestag besch\u00e4ftigt mich noch immer. Hier zur <a href=\"https:\/\/www.heise.de\/tp\/features\/Ukraine-Manipulation-eines-Bundestagsprotokolls-4305654.html\">Manipulation eines Bundestagsprotokolls<\/a> . Dazu laufen auch noch weitere Anfragen an Herr Dr. Sch\u00e4uble&#8230;.<\/p>\n<p>Im \u00dcbrigen darf ich f\u00fcr unsere Seite der <a href=\"http:\/\/wog-bawue.de\">WOG- Baden-W\u00fcrttemberg<\/a> Werbung machen, deren ehrenamtlicher Vorsitzender ich bin. Hier finden Sie das Wesentliche zu unseren Projekten im postsowjetischen Raum, schwerpunktm\u00e4\u00dfig in Belarus und Russland.<\/p>\n<p>Herzliche Gr\u00fc\u00dfe (man liest sich \ud83d\ude09<\/p>\n<p>J\u00f6rg Tauss<\/p>\n","protected":false},"excerpt":{"rendered":"<p>&#8230;. auf meiner privaten Seite. Sie freut sich mit mir \u00fcber und auf zahlreiche Besucherinnen und Besucher \u00a0\ud83d\ude09 Wer mag kann sich hier \u00fcber meine Person und meine Meinungen zu verschiedenen Themen ein Bild machen. Au\u00dferdem kann man ja fragen&#8230;. \u00a0\ud83d\ude09 Russland\u00a0und die hierzulande grassierende Russophobie, Kriegstreiberei und Aufr\u00fcstung belasten mich derzeit wie viele Menschen.. [&hellip;]<\/p>\n","protected":false},"author":3,"featured_media":0,"parent":0,"menu_order":0,"comment_status":"closed","ping_status":"closed","template":"","meta":{"footnotes":""},"class_list":["post-4424","page","type-page","status-publish","hentry"],"_links":{"self":[{"href":"https:\/\/www.tauss-gezwitscher.de\/index.php?rest_route=\/wp\/v2\/pages\/4424","targetHints":{"allow":["GET"]}}],"collection":[{"href":"https:\/\/www.tauss-gezwitscher.de\/index.php?rest_route=\/wp\/v2\/pages"}],"about":[{"href":"https:\/\/www.tauss-gezwitscher.de\/index.php?rest_route=\/wp\/v2\/types\/page"}],"author":[{"embeddable":true,"href":"https:\/\/www.tauss-gezwitscher.de\/index.php?rest_route=\/wp\/v2\/users\/3"}],"replies":[{"embeddable":true,"href":"https:\/\/www.tauss-gezwitscher.de\/index.php?rest_route=%2Fwp%2Fv2%2Fcomments&post=4424"}],"version-history":[{"count":69,"href":"https:\/\/www.tauss-gezwitscher.de\/index.php?rest_route=\/wp\/v2\/pages\/4424\/revisions"}],"predecessor-version":[{"id":7778,"href":"https:\/\/www.tauss-gezwitscher.de\/index.php?rest_route=\/wp\/v2\/pages\/4424\/revisions\/7778"}],"wp:attachment":[{"href":"https:\/\/www.tauss-gezwitscher.de\/index.php?rest_route=%2Fwp%2Fv2%2Fmedia&parent=4424"}],"curies":[{"name":"wp","href":"https:\/\/api.w.org\/{rel}","templated":true}]}}